are the prime factors of 243/(-135)*(-18955)/3 - 7?
2, 5683
Let z = -71 + 103. Let q be 24/z*8/2. Suppose 0 = -5*d + 5, -m + 148 = q*d - 62. List the prime factors of m.
3, 23
Let o(c) = 2*c + 10 + 72 - 4 + 84 + 0*c. List the prime factors of o(50).
2, 131
Suppose 2*c = -2*h + 12, -4*h + 20 + 2 = 3*c. Suppose -135 = -h*d - 555. Let g = -2 - d. List the prime factors of g.
103
Let c(t) = -21*t + 17*t - 17*t + 13*t + 27*t**2 + 13. List the prime factors of c(-7).
2, 3, 29
Suppose -17*o + 37*o = -o + 1374219. What are the prime factors of o?
3, 11, 661
Suppose 2*o - 4*o = 0. Let q(y) = -y**3 + o + 3 + 0*y - 2*y + 4. List the prime factors of q(-5).
2, 71
Let f(k) be the third derivative of k**4/24 - 5*k**3/6 - 14*k**2. Let h be f(9). List the prime factors of 2/h - (-215)/2.
2, 3
Let w(k) be the second derivative of -k**5/20 - 5*k**4/12 + 20*k**3/3 + 50*k. What are the prime factors of w(-11)?
2, 11, 13
Let f(s) be the second derivative of s**5/10 - s**4/12 + s**3/3 + 86*s**2 - 35*s + 2. List the prime factors of f(0).
2, 43
Suppose -7*d = -111 - 85. Let b be (32/10)/(d/(-210)). What are the prime factors of ((-159)/(-9))/((-4)/b)?
2, 53
Let h(r) = r**3 + 39*r**2 + 43*r + 165. What are the prime factors of h(-14)?
4463
Let x = 435 - -2606. What are the prime factors of x?
3041
Let z(u) be the second derivative of -5*u**4/6 - 2*u**3/3 + 3*u**2/2 + 19*u. Let g be z(1). Let w(c) = -c**3 - 10*c**2 + 25. What are the prime factors of w(g)?
2, 73
Let k(l) = -4*l**2 + 2*l - 3. Suppose 5*q = 15 - 10. Let s be k(q). Let i(v) = v**3 + 6*v**2 - 13*v - 6. List the prime factors of i(s).
2, 3, 7
Let n(g) = 2*g**3 + 15*g**2 + 47*g - 13. Let o be n(-6). Let a = o - -427. What are the prime factors of a?
2, 3, 5
Let z = 33 - -27. Let q = -60 + z. Suppose -2*l - 3*h = -240, -3*l + 2*h + 334 = -q*h. List the prime factors of l.
2, 3, 19
Suppose 173*a + 92*a - 1182782 = 4079058. What are the prime factors of a?
2, 17, 73
Suppose 43*a - 47*a + 32 = 0, -a = 5*t - 163243. List the prime factors of t.
32647
Let w = 21 - 16. Suppose -3*o + 148 = -w*o. Let p = o + 138. List the prime factors of p.
2
Suppose 4*q - 60565 + 12429 = k, -7*k = 3*q - 36040. What are the prime factors of q?
2, 47
Let h = 47 + -45. List the prime factors of (1686/(-24))/(h/(-8)) - 3.
2, 139
What are the prime factors of (-348096)/(-180) + -9 - -2*4/60?
5, 7, 11
Let r = 82 - 74. Suppose 2097 = -r*w + 10033. List the prime factors of (w/12)/((-2)/(-3)).
2, 31
Let g = -708 + 721. Suppose -3*b - g*f + 14*f + 4341 = 0, -5*b - 5*f + 7215 = 0. What are the prime factors of b?
2, 3, 241
Suppose 5*w - 2*r + 35 = 9, -3*r = 4*w + 7. Let z(q) = -29*q + 4. Let i be z(w). Suppose 0*o - i = -2*o. What are the prime factors of o?
2, 3, 5
Let k(d) = -3*d + 26. Suppose -4*l - 2*f + 14 = 0, -l - 4*f - 1 = -5*f. Let b be k(l). Suppose -24*n + 1032 = -b*n. List the prime factors of n.
2, 3, 43
Let a(h) = -9544*h - 3361. What are the prime factors of a(-3)?
37, 683
Let l be ((-4)/((-24)/(-38)))/(4/(-168)). Let p = 439 - l. What are the prime factors of p?
173
Suppose -33*i + 343788 = -137550. List the prime factors of i.
2, 3, 11, 13, 17
Let u be ((-33)/(-8))/(3/(-4))*-2. Suppose -73 - u = -2*t - v, -4*v = 3*t - 136. Suppose w - t = -5*s, -16 = s - 4*s + w. What are the prime factors of s?
7
Let u = -411 + 420. What are the prime factors of 76/(-342) + (272/u - -2)?
2
Let w(g) = g**3 - 16*g**2 - 34*g - 36. Let z be w(18). Suppose z = -16*o + 4573 + 2355. List the prime factors of o.
433
Suppose -16*k + 4*k = -72. Let u(i) = 4*i**3 - 16*i**2 + 15*i - 6. What are the prime factors of u(k)?
2, 3, 31
Let u(g) = -3521*g - 8323. List the prime factors of u(-15).
2, 7, 227
Suppose -6*i - 19 = -4*i - 3*u, -i - 16 = 5*u. Let t(o) = -32*o - 26. List the prime factors of t(i).
2, 163
What are the prime factors of (-5)/(-5*8/(-150208)*-8)?
2347
Let v(c) = c**3 - 10*c**2 + 5*c - 4. Let s(t) = t - 1. Let p(z) = 6*s(z) - v(z). Let m(h) = -h + 15. Let k be m(7). List the prime factors of p(k).
2, 67
Suppose 4*u = 57 + 15. Let w be 3 + -5 + 2 + u/6. List the prime factors of w/((-6)/(-448)) + 6 + -8.
2, 3, 37
Suppose 0 = -z + 2*h + 6867, -2*h = 300*z - 304*z + 27432. List the prime factors of z.
3, 5, 457
Let z(t) = 18*t**3 + 6*t**2 - 2*t + 4. Let g be z(3). Let l = g - 330. Let h = 344 - l. List the prime factors of h.
2, 17
Let o = -14594 - -14600. Let v = 4 - 8. List the prime factors of v - ((-14)/6)/(o/54).
17
Let h be (-2 - (-15)/10)/(-1)*728. Let r = 828 - h. List the prime factors of r.
2, 29
Let g(d) = d**3 - 4*d**2 + 5*d + 13. Let t be 11/9 + -1 + 88/9. Let b be 3/(3 - t/4). List the prime factors of g(b).
5, 23
Let y = 8 - 4. Suppose -14 = -y*q + 26. What are the prime factors of -2 + -154*(-5)/q?
3, 5
Let a(m) = 94*m**2 + 162*m - 1937. What are the prime factors of a(12)?
29, 467
Let g be (3 + -5 - -10)*-4. Let j = -30 - g. Suppose 3*t + 4*k - 733 = -j*t, -4*t + 574 = -3*k. What are the prime factors of t?
5, 29
Let d(q) = -2016*q - 8523. List the prime factors of d(-17).
3, 2861
Let z(g) = 29*g + 1. Let x be z(7). Let u = -126 + x. Let k = 151 - u. List the prime factors of k.
73
What are the prime factors of 1074862/16 + (-999)/(-7992)?
3, 7, 457
Let t = 61 - 57. Suppose 0 = o + 3, -t*m - 4*o + 343 = -933. Suppose -3*x + 305 = -m. List the prime factors of x.
11, 19
Let r(y) = -12*y + 62. Let a be r(6). What are the prime factors of ((-14355)/(-20))/9 - a/8?
3
Let f(j) be the second derivative of -3*j**4/4 + j**3 - 3*j**2/2 - 22*j. Let t be f(5). Let q = -115 - t. What are the prime factors of q?
83
List the prime factors of (-9495)/(-60)*(-1184)/(-24).
37, 211
Suppose 0 = -59*n + 64*n - 500. Let f be (0 + (n/8 - -1))*42. Suppose -6*y + f = y. List the prime factors of y.
3
Suppose 3*o = 17 - 5. Suppose -t + 216 = r, o*t - 266 = -5*r + 600. What are the prime factors of t?
2, 107
Suppose 8*h - 2*h - 38256 = 0. Suppose -27*g + h = -995. List the prime factors of g.
3, 7, 13
Suppose -2*r + 4*z = -z + 1106, -2*z = 2*r + 1092. What are the prime factors of (5 - r/(-4))*(-65)/10?
2, 3, 11, 13
Let i(u) be the first derivative of u**3/3 - u**2/2 + 216*u + 967. Let z(l) = l + 6. Let k be z(-6). List the prime factors of i(k).
2, 3
Let b(k) = 52*k**2 - 12*k - 3. Let r be b(4). Let i = r + -148. List the prime factors of i.
3, 211
Let n(p) = -2*p**2 - 19*p - 20. Let f be n(-7). Suppose 0 = -f*s - 1200 + 7785. What are the prime factors of s?
439
Suppose -39 = -3*z - 21. Suppose 2*q = q + z. Suppose -557 = -q*j + 385. What are the prime factors of j?
157
Suppose 67*r + 32316 - 287318 = 0. What are the prime factors of r?
2, 11, 173
Suppose -7*q = -11*q + 132. Suppose 0 = -j + q - 2. Suppose -4 = -i + j. List the prime factors of i.
5, 7
Suppose -11*u - 2*h = -9*u - 3686, 0 = 2*u - h - 3686. Let o = u - 412. What are the prime factors of o?
3, 53
Let b = 125 - 724. Let d = b - -1210. What are the prime factors of d?
13, 47
Suppose 34024 = 4*l + u, -32669 = -4*l - 5*u + 1371. List the prime factors of l.
3, 5, 7
Suppose -3*v + 12 = -0, t - v = 0. Suppose 0 = 3*w - 4*f - 157, t*w - 5*w - 2*f = -39. List the prime factors of w.
47
Let s = -24225 + 49467. List the prime factors of s.
2, 3, 7, 601
Let t(l) = l**3 - l**2 - l + 2342. Let q be t(0). Let f = q - 1102. List the prime factors of f.
2, 5, 31
Let k(g) = 14*g**2 - 15*g**2 - 5 - 7*g + 12 - g**3 + 6*g**2. Let j be k(4). What are the prime factors of (j + 284/8)/(1/2)?
61
What are the prime factors of (5 + -9 + 3677)*1?
3673
Let y(s) = s**2 + 161*s + 866. List the prime factors of y(49).
2, 2789
Let m(n) be the second derivative of -1/2*n**3 + 17/12*n**4 + 4*n + 1/2*n**2 + 0. What are the prime factors of m(1)?
3, 5
Suppose s - 7221 = -5*j, -3*s + 11697 = -2*j - 10017. What are the prime factors of s?
2, 3, 67
Let l = -138 - -87. Suppose 0*r = -4*r + 480. Let p = r + l. What are the prime factors of p?
3, 23
Let h = -5561 - -14437. List the prime factors of h.
2, 7, 317
Let k = -897 - -404. Let y = k + 1385. List the prime factors of y.
2, 223
Suppose 20*w - 14*w = 2358. Let t = -128 + w. List the prime factors of t.
5, 53
Suppose 0 = -210*j + 187*j + 44022. List the prime factors of j.
2, 3, 11, 29
Let s = 12250 + -7875. List the prime factors of s.
5, 7
Suppose -4*o = i - 26